{"id":3,"date":"2021-01-26T16:14:27","date_gmt":"2021-01-26T15:14:27","guid":{"rendered":"http:\/\/vukaxlu.cluster030.hosting.ovh.net\/?page_id=3"},"modified":"2021-02-19T17:07:55","modified_gmt":"2021-02-19T16:07:55","slug":"politique-de-confidentialite","status":"publish","type":"page","link":"https:\/\/perseusgroup.ch\/index.php\/politique-de-confidentialite\/","title":{"rendered":"Politique de confidentialit\u00e9"},"content":{"rendered":"\t\t<div data-elementor-type=\"wp-page\" data-elementor-id=\"3\" class=\"elementor elementor-3\" data-elementor-settings=\"[]\">\n\t\t\t\t\t\t<div class=\"elementor-inner\">\n\t\t\t\t\t\t\t<div class=\"elementor-section-wrap\">\n\t\t\t\t\t\t\t<section class=\"elementor-section elementor-top-section elementor-element elementor-element-776669ff elementor-section-boxed elementor-section-height-default elementor-section-height-default\" data-id=\"776669ff\" data-element_type=\"section\">\n\t\t\t\t\t\t<div class=\"elementor-container elementor-column-gap-default\">\n\t\t\t\t\t\t\t<div class=\"elementor-row\">\n\t\t\t\t\t<div class=\"elementor-column elementor-col-100 elementor-top-column elementor-element elementor-element-348ae39f\" data-id=\"348ae39f\" data-element_type=\"column\">\n\t\t\t<div class=\"elementor-column-wrap elementor-element-populated\">\n\t\t\t\t\t\t\t<div class=\"elementor-widget-wrap\">\n\t\t\t\t\t\t<div class=\"elementor-element elementor-element-5d66fcf2 elementor-toc--minimized-on-tablet elementor-widget elementor-widget-table-of-contents\" data-id=\"5d66fcf2\" data-element_type=\"widget\" data-settings=\"{&quot;exclude_headings_by_selector&quot;:[],&quot;marker_view&quot;:&quot;bullets&quot;,&quot;headings_by_tags&quot;:[&quot;h2&quot;],&quot;icon&quot;:{&quot;value&quot;:&quot;fas fa-circle&quot;,&quot;library&quot;:&quot;fa-solid&quot;},&quot;minimize_box&quot;:&quot;yes&quot;,&quot;minimized_on&quot;:&quot;tablet&quot;,&quot;hierarchical_view&quot;:&quot;yes&quot;,&quot;min_height&quot;:{&quot;unit&quot;:&quot;px&quot;,&quot;size&quot;:&quot;&quot;,&quot;sizes&quot;:[]},&quot;min_height_tablet&quot;:{&quot;unit&quot;:&quot;px&quot;,&quot;size&quot;:&quot;&quot;,&quot;sizes&quot;:[]},&quot;min_height_mobile&quot;:{&quot;unit&quot;:&quot;px&quot;,&quot;size&quot;:&quot;&quot;,&quot;sizes&quot;:[]}}\" data-widget_type=\"table-of-contents.default\">\n\t\t\t\t<div class=\"elementor-widget-container\">\n\t\t\t\t\t<div class=\"elementor-toc__header\">\n\t\t\t<h4 class=\"elementor-toc__header-title\">Menu<\/h4>\t\t\t\t\t\t\t<div class=\"elementor-toc__toggle-button elementor-toc__toggle-button--expand\"><i class=\"fas fa-chevron-down\"><\/i><\/div>\n\t\t\t\t<div class=\"elementor-toc__toggle-button elementor-toc__toggle-button--collapse\"><i class=\"fas fa-chevron-up\"><\/i><\/div>\n\t\t\t\t\t<\/div>\n\t\t<div class=\"elementor-toc__body\">\n\t\t\t<div class=\"elementor-toc__spinner-container\">\n\t\t\t\t<i class=\"elementor-toc__spinner eicon-loading eicon-animation-spin\" aria-hidden=\"true\"><\/i>\n\t\t\t<\/div>\n\t\t<\/div>\n\t\t\t\t<\/div>\n\t\t\t\t<\/div>\n\t\t\t\t<div class=\"elementor-element elementor-element-33623d3a elementor-widget elementor-widget-text-editor\" data-id=\"33623d3a\" data-element_type=\"widget\" data-widget_type=\"text-editor.default\">\n\t\t\t\t<div class=\"elementor-widget-container\">\n\t\t\t\t\t<div class=\"elementor-text-editor elementor-clearfix\"><p style=\"text-align: justify;\"><i>Nous vous remercions de l\u2019int\u00e9r\u00eat que vous portez \u00e0 notre site Web. Nous faisons de la protection de vos donn\u00e9es personnelles une priorit\u00e9. Conform\u00e9ment au nouveau R\u00e8glement Europ\u00e9en sur la Protection des Donn\u00e9es de 2018, Perseus Group s&rsquo;engage dans la s\u00e9curit\u00e9 et la protection de vos donn\u00e9es personnelles.<\/i><\/p><h2 style=\"text-align: justify;\">Qui sommes-nous ?<\/h2><p style=\"text-align: justify;\">L\u2019adresse de notre site Web est\u00a0: <a href=\"https:\/\/perseusgroup.ch\">www.perseusgroup.ch\u00a0<\/a><\/p><h2 style=\"text-align: justify;\">Donn\u00e9es personnelles<\/h2><p style=\"text-align: justify;\">Les donn\u00e9es personnelles sont des informations qui peuvent \u00eatre utilis\u00e9es pour d\u00e9terminer votre identit\u00e9. Il s\u2019agit notamment de votre nom, num\u00e9ro de t\u00e9l\u00e9phone, adresse ou adresse de messagerie\u2026<\/p><p style=\"text-align: justify;\">Lorsque vous nous envoyez une requ\u00eate, nous vous demandons votre nom et adresse de messagerie. C\u2019est \u00e0 vous de d\u00e9cider librement si vous saisissez ces donn\u00e9es.<\/p><h2 style=\"text-align: justify;\">R\u00e9vocation de votre consentement au traitement des donn\u00e9es<\/h2><p style=\"text-align: justify;\">Vous pouvez r\u00e9voquer votre consentement \u00e0 tout moment. Tout ce que vous avez \u00e0 faire est d\u2019envoyer un e-mail concernant la protection de vos donn\u00e9es \u00e0 l\u2019adresse contact @ perseusgroup.ch. La l\u00e9galit\u00e9 du traitement des donn\u00e9es jusqu\u2019\u00e0 la r\u00e9vocation n\u2019est pas affect\u00e9e par la r\u00e9vocation.<\/p><h2 style=\"text-align: justify;\">Transmission de donn\u00e9es personnelles \u00e0 des tiers<\/h2><p style=\"text-align: justify;\">Nous n\u2019utilisons vos renseignements personnels qu\u2019aux fins de notre utilisation. Nous ne transmettrons pas les donn\u00e9es \u00e0 des tiers sans votre consentement explicite. Dans la mesure o\u00f9 nous sommes l\u00e9galement ou par d\u00e9cision de justice oblig\u00e9s de le faire, nous transf\u00e9rerons vos donn\u00e9es \u00e0 des organismes habilit\u00e9s \u00e0 recevoir ces informations.<\/p><h2 style=\"text-align: justify;\">Utilisation des cookies<\/h2><p style=\"text-align: justify;\">Les cookies sont de petits fichiers que les sites Web mettent sur le disque dur de votre ordinateur lors de votre premi\u00e8re visite. Repr\u00e9sentez-vous un cookie comme une carte d\u2019identification qui est uniquement la v\u00f4tre. Son travail est d\u2019indiquer au site lorsque vous y retournez. Nous utilisons des cookies sur notre site Web dans le simple but de connaitre votre utilisation de notre site internet. Par exemple connaitre le nombre de visite sur notre site par jour ou le temps pass\u00e9 sur chaque page. La plupart des navigateurs sont configur\u00e9s pour accepter automatiquement les cookies. Toutefois, vous pouvez d\u00e9sactiver le stockage des cookies ou param\u00e9trer votre navigateur pour qu\u2019il vous informe d\u00e8s que des cookies sont envoy\u00e9s.<\/p><h2 style=\"text-align: justify;\">Protection des mineurs<\/h2><p style=\"text-align: justify;\">Les enfants et les personnes de moins de 18 ans ne doivent pas nous transmettre de donn\u00e9es personnelles sans le consentement de leurs parents ou de leurs tuteurs l\u00e9gaux.<\/p><h2 style=\"text-align: justify;\">Lien vers d&rsquo;autres sites web<\/h2><p style=\"text-align: justify;\">Notre site contient des liens vers d\u2019autres sites Web. Nous n\u2019avons aucune influence sur le respect des r\u00e8gles de protection des donn\u00e9es par leurs op\u00e9rateurs.<\/p><h2 style=\"text-align: justify;\">Google analytics<\/h2><p style=\"text-align: justify;\">Nous utilisons Google Analytics, un service d\u2019analyse web de Google Inc. \u201c(\u201cGoogle\u201d). Google utilise des cookies. Les informations g\u00e9n\u00e9r\u00e9es par le cookie sur l\u2019utilisation de l\u2019offre en ligne par les utilisateurs sont g\u00e9n\u00e9ralement transf\u00e9r\u00e9es \u00e0 un serveur de Google aux Etats-Unis et y sont stock\u00e9es. Google utilisera ces informations en notre nom pour \u00e9valuer l\u2019utilisation de notre offre en ligne par les utilisateurs, pour compiler des rapports sur les activit\u00e9s de cette offre en ligne et pour nous fournir d\u2019autres services associ\u00e9s \u00e0 l\u2019utilisation de cette offre en ligne et \u00e0 l\u2019utilisation d\u2019Internet. Des profils d\u2019utilisateurs pseudonymes peuvent \u00eatre cr\u00e9\u00e9s \u00e0 partir des donn\u00e9es trait\u00e9es. Nous n\u2019utilisons Google Analytics que si l\u2019anonymat IP est activ\u00e9. Cela signifie que Google r\u00e9duira l\u2019adresse IP des utilisateurs dans les \u00c9tats membres de l\u2019Union europ\u00e9enne ou des Etats faisant partis de l\u2019accord sur l\u2019Espace \u00e9conomique Europ\u00e9en. Ce n\u2019est que dans des cas exceptionnels que l\u2019adresse IP compl\u00e8te sera transmise \u00e0 un serveur Google aux Etats-Unis et y sera raccourcie. L\u2019adresse IP transmise par le navigateur de l\u2019utilisateur n\u2019est pas fusionn\u00e9e avec d\u2019autres donn\u00e9es de Google. Les utilisateurs peuvent emp\u00eacher le stockage de cookies en param\u00e9trant leur logiciel de navigation en cons\u00e9quence ; les utilisateurs peuvent \u00e9galement emp\u00eacher Google de collecter les donn\u00e9es g\u00e9n\u00e9r\u00e9es par les cookies en fonction de leur utilisation de l\u2019offre en ligne et au traitement de ces donn\u00e9es par Google en t\u00e9l\u00e9chargeant et en installant le plug-in de navigateur disponible sous le lien suivant : http:\/\/tools.google.com\/dlpage\/gaoptout?hl=fr. Les utilisateurs mobiles ont \u00e9galement la possibilit\u00e9 de refuser le stockage de cookies : d\u00e9sactivez Google Analytics. Vous trouverez de plus amples informations sur l\u2019utilisation des donn\u00e9es \u00e0 des fins publicitaires par Google, les possibilit\u00e9s de r\u00e9glage et d\u2019opposition sur les sites Internet de Google : https:\/\/www.google.com\/intl\/de\/policies\/privacy\/partners\/ (\u201cUtilisation des donn\u00e9es par Google<\/p><p style=\"text-align: justify;\">Lors de l\u2019utilisation de sites Web ou d\u2019applications de nos partenaires\u201d),http:\/\/www.google.com\/policies\/technologies\/ads (\u201cUtilisation des donn\u00e9es \u00e0 des fins publicitaires\u201d), http:\/\/www.google.de\/settings\/ads (\u201cG\u00e9rer les informations que Google utilise pour vous montrer les publicit\u00e9s\u201d) Et http:\/\/www.google.com\/ads\/preferences\/ (\u201cDetermine what ad Google shows you\u201d).<\/p><h2 style=\"text-align: justify;\">Medias sociaux<\/h2><p style=\"text-align: justify;\">Plugins Facebook<\/p><p style=\"text-align: justify;\">Nos pages incluent des plugins du r\u00e9seau social Facebook, le fournisseur Facebook Inc, 1 Hacker Way, Menlo Park, California 94025, USA. Vous pouvez reconna\u00eetre les plugins Facebook par le logo Facebook ou le bouton \u201cJ\u2019aime\u201d sur notre page. Un aper\u00e7u des plugins Facebook se trouve ici : https:\/\/developers.facebook.com\/docs\/plugins\/. Lorsque vous visitez nos pages, le plugin \u00e9tablit une connexion directe entre votre navigateur et le serveur Facebook. Facebook re\u00e7oit l\u2019information que vous avez visit\u00e9 notre site avec votre adresse IP. Si vous cliquez sur le bouton \u201cJ\u2019aime\u201d de Facebook pendant que vous \u00eates connect\u00e9 \u00e0 votre compte Facebook, vous pouvez lier le contenu de nos pages sur votre profil Facebook. Cela permet \u00e0 Facebook d\u2019associer la visite de nos pages \u00e0 votre compte d\u2019utilisateur. Nous attirons votre attention sur le fait qu\u2019en tant que fournisseur des pages, nous n\u2019avons aucune connaissance du contenu des donn\u00e9es transmises ou de leur utilisation par Facebook. Pour plus d\u2019informations, veuillez consulter la politique de confidentialit\u00e9 de Facebook \u00e0 l\u2019adresse suivante : https:\/\/de-de.facebook.com\/policy.php. Si vous ne voulez pas que Facebook associe votre visite \u00e0 nos pages, sur Facebook, veuillez-vous d\u00e9connecter de votre compte Facebook.<\/p><h2 style=\"text-align: justify;\">S\u00e9curit\u00e9<\/h2><p style=\"text-align: justify;\">Nous maintenons des mesures de s\u00e9curit\u00e9 physiques, \u00e9lectroniques et des proc\u00e9dures de sauvegarde en rapport avec la collecte, la conservation et la communication d\u2019informations personnelles de nos clients. Nos proc\u00e9dures de s\u00e9curit\u00e9 peuvent nous amener \u00e0 vous demander une preuve de votre identit\u00e9 avant de pouvoir vous communiquer vos informations personnelles. Nous utilisons la technologie de cryptage SSL qui vous offre une s\u00e9curit\u00e9 maximale. ll est important de vous prot\u00e9ger contre l\u2019acc\u00e8s non autoris\u00e9 \u00e0 votre mot de passe et \u00e0 votre ordinateur. Si vous partagez un ordinateur, vous devez vous d\u00e9connecter apr\u00e8s chaque utilisation.<\/p><h2 style=\"text-align: justify;\">Contact<\/h2><p style=\"text-align: justify;\">N\u2019h\u00e9sitez pas \u00e0 nous contacter si besoin au Chemin des Papillons, 4\u00a0CH &#8211; 1216 Cointrin<br \/>Suisse ; ou par email : contact @ perseusgroup.ch<\/p><\/div>\n\t\t\t\t<\/div>\n\t\t\t\t<\/div>\n\t\t\t\t\t\t<\/div>\n\t\t\t\t\t<\/div>\n\t\t<\/div>\n\t\t\t\t\t\t\t\t<\/div>\n\t\t\t\t\t<\/div>\n\t\t<\/section>\n\t\t\t\t\t\t<\/div>\n\t\t\t\t\t\t<\/div>\n\t\t\t\t\t<\/div>\n\t\t","protected":false},"excerpt":{"rendered":"<p>Menu Nous vous remercions de l\u2019int\u00e9r\u00eat que vous portez \u00e0 notre site Web. Nous faisons de la protection de vos donn\u00e9es personnelles une priorit\u00e9. Conform\u00e9ment au nouveau R\u00e8glement Europ\u00e9en sur la Protection des Donn\u00e9es de 2018, Perseus Group s&rsquo;engage dans la s\u00e9curit\u00e9 et la protection de vos donn\u00e9es personnelles. Qui sommes-nous ? L\u2019adresse de notre [&hellip;]<\/p>\n","protected":false},"author":2,"featured_media":0,"parent":0,"menu_order":0,"comment_status":"closed","ping_status":"closed","template":"","meta":[],"yoast_head":"<!-- This site is optimized with the Yoast SEO plugin v15.8 - https:\/\/yoast.com\/wordpress\/plugins\/seo\/ -->\n<title>Perseus group | Politique de confidentialit\u00e9<\/title>\n<meta name=\"description\" content=\"D\u00e9couvrez la politique de confidentialit\u00e9 du site perseusgroup.ch\" \/>\n<meta name=\"robots\" content=\"noindex, follow\" \/>\n<meta property=\"og:locale\" content=\"fr_FR\" \/>\n<meta property=\"og:type\" content=\"article\" \/>\n<meta property=\"og:title\" content=\"Perseus group | Politique de confidentialit\u00e9\" \/>\n<meta property=\"og:description\" content=\"D\u00e9couvrez la politique de confidentialit\u00e9 du site perseusgroup.ch\" \/>\n<meta property=\"og:url\" content=\"https:\/\/perseusgroup.ch\/index.php\/politique-de-confidentialite\/\" \/>\n<meta property=\"og:site_name\" content=\"Perseus group\" \/>\n<meta property=\"article:modified_time\" content=\"2021-02-19T16:07:55+00:00\" \/>\n<meta name=\"twitter:card\" content=\"summary_large_image\" \/>\n<meta name=\"twitter:label1\" content=\"Dur\u00e9e de lecture est.\">\n\t<meta name=\"twitter:data1\" content=\"5 minutes\">\n<script type=\"application\/ld+json\" class=\"yoast-schema-graph\">{\"@context\":\"https:\/\/schema.org\",\"@graph\":[{\"@type\":\"Organization\",\"@id\":\"https:\/\/perseusgroup.ch\/#organization\",\"name\":\"Perseus Group\",\"url\":\"https:\/\/perseusgroup.ch\/\",\"sameAs\":[],\"logo\":{\"@type\":\"ImageObject\",\"@id\":\"https:\/\/perseusgroup.ch\/#logo\",\"inLanguage\":\"fr-FR\",\"url\":\"https:\/\/perseusgroup.ch\/wp-content\/uploads\/2021\/01\/Unknown-1.png\",\"width\":320,\"height\":108,\"caption\":\"Perseus Group\"},\"image\":{\"@id\":\"https:\/\/perseusgroup.ch\/#logo\"}},{\"@type\":\"WebSite\",\"@id\":\"https:\/\/perseusgroup.ch\/#website\",\"url\":\"https:\/\/perseusgroup.ch\/\",\"name\":\"Perseus group\",\"description\":\"\",\"publisher\":{\"@id\":\"https:\/\/perseusgroup.ch\/#organization\"},\"potentialAction\":[{\"@type\":\"SearchAction\",\"target\":\"https:\/\/perseusgroup.ch\/?s={search_term_string}\",\"query-input\":\"required name=search_term_string\"}],\"inLanguage\":\"fr-FR\"},{\"@type\":\"WebPage\",\"@id\":\"https:\/\/perseusgroup.ch\/index.php\/politique-de-confidentialite\/#webpage\",\"url\":\"https:\/\/perseusgroup.ch\/index.php\/politique-de-confidentialite\/\",\"name\":\"Perseus group | Politique de confidentialit\\u00e9\",\"isPartOf\":{\"@id\":\"https:\/\/perseusgroup.ch\/#website\"},\"datePublished\":\"2021-01-26T15:14:27+00:00\",\"dateModified\":\"2021-02-19T16:07:55+00:00\",\"description\":\"D\\u00e9couvrez la politique de confidentialit\\u00e9 du site perseusgroup.ch\",\"breadcrumb\":{\"@id\":\"https:\/\/perseusgroup.ch\/index.php\/politique-de-confidentialite\/#breadcrumb\"},\"inLanguage\":\"fr-FR\",\"potentialAction\":[{\"@type\":\"ReadAction\",\"target\":[\"https:\/\/perseusgroup.ch\/index.php\/politique-de-confidentialite\/\"]}]},{\"@type\":\"BreadcrumbList\",\"@id\":\"https:\/\/perseusgroup.ch\/index.php\/politique-de-confidentialite\/#breadcrumb\",\"itemListElement\":[{\"@type\":\"ListItem\",\"position\":1,\"item\":{\"@type\":\"WebPage\",\"@id\":\"https:\/\/perseusgroup.ch\/\",\"url\":\"https:\/\/perseusgroup.ch\/\",\"name\":\"Accueil\"}},{\"@type\":\"ListItem\",\"position\":2,\"item\":{\"@type\":\"WebPage\",\"@id\":\"https:\/\/perseusgroup.ch\/index.php\/politique-de-confidentialite\/\",\"url\":\"https:\/\/perseusgroup.ch\/index.php\/politique-de-confidentialite\/\",\"name\":\"Politique de confidentialit\\u00e9\"}}]}]}<\/script>\n<!-- \/ Yoast SEO plugin. -->","_links":{"self":[{"href":"https:\/\/perseusgroup.ch\/index.php\/wp-json\/wp\/v2\/pages\/3"}],"collection":[{"href":"https:\/\/perseusgroup.ch\/index.php\/wp-json\/wp\/v2\/pages"}],"about":[{"href":"https:\/\/perseusgroup.ch\/index.php\/wp-json\/wp\/v2\/types\/page"}],"author":[{"embeddable":true,"href":"https:\/\/perseusgroup.ch\/index.php\/wp-json\/wp\/v2\/users\/2"}],"replies":[{"embeddable":true,"href":"https:\/\/perseusgroup.ch\/index.php\/wp-json\/wp\/v2\/comments?post=3"}],"version-history":[{"count":11,"href":"https:\/\/perseusgroup.ch\/index.php\/wp-json\/wp\/v2\/pages\/3\/revisions"}],"predecessor-version":[{"id":506,"href":"https:\/\/perseusgroup.ch\/index.php\/wp-json\/wp\/v2\/pages\/3\/revisions\/506"}],"wp:attachment":[{"href":"https:\/\/perseusgroup.ch\/index.php\/wp-json\/wp\/v2\/media?parent=3"}],"curies":[{"name":"wp","href":"https:\/\/api.w.org\/{rel}","templated":true}]}}